me factors of 7934?
2, 3967
What are the prime factors of 53926?
2, 59, 457
List the prime factors of 383.
383
What are the prime factors of 42061?
42061
What are the prime factors of 544?
2, 17
List the prime factors of 1536.
2, 3
List the prime factors of 1802.
2, 17, 53
List the prime factors of 1658.
2, 829
List the prime factors of 8532.
2, 3, 79
List the prime factors of 7792.
2, 487
What are the prime factors of 3081?
3, 13, 79
What are the prime factors of 1446?
2, 3, 241
List the prime factors of 1559.
1559
List the prime factors of 4464.
2, 3, 31
What are the prime factors of 9229?
11, 839
What are the prime factors of 1121?
19, 59
What are the prime factors of 19614?
2, 3, 7, 467
List the prime factors of 3876.
2, 3, 17, 19
List the prime factors of 1912.
2, 239
What are the prime factors of 115602?
2, 3, 19267
List the prime factors of 4260.
2, 3, 5, 71
List the prime factors of 5941.
13, 457
List the prime factors of 1709.
1709
List the prime factors of 4062.
2, 3, 677
List the prime factors of 15019.
23, 653
What are the prime factors of 4284?
2, 3, 7, 17
What are the prime factors of 13887?
3, 1543
What are the prime factors of 28927?
28927
What are the prime factors of 7768?
2, 971
List the prime factors of 3119.
3119
What are the prime factors of 98809?
98809
List the prime factors of 1506.
2, 3, 251
List the prime factors of 55435.
5, 11087
What are the prime factors of 180?
2, 3, 5
List the prime factors of 26566.
2, 37, 359
What are the prime factors of 53243?
37, 1439
What are the prime factors of 80083?
53, 1511
What are the prime factors of 2009?
7, 41
List the prime factors of 965.
5, 193
List the prime factors of 18298.
2, 7, 1307
What are the prime factors of 214?
2, 107
What are the prime factors of 10137?
3, 31, 109
List the prime factors of 270.
2, 3, 5
List the prime factors of 2353.
13, 181
List the prime factors of 55777.
17, 193
What are the prime factors of 859?
859
What are the prime factors of 17228?
2, 59, 73
List the prime factors of 107709.
3, 7, 23, 223
What are the prime factors of 31838?
2, 15919
List the prime factors of 6909.
3, 7, 47
List the prime factors of 169323.
3, 7, 11, 733
What are the prime factors of 78161?
47, 1663
What are the prime factors of 16383?
3, 43, 127
List the prime factors of 2204.
2, 19, 29
List the prime factors of 119829.
3, 59, 677
What are the prime factors of 19048?
2, 2381
List the prime factors of 355.
5, 71
List the prime factors of 605.
5, 11
List the prime factors of 884.
2, 13, 17
What are the prime factors of 102749?
37, 2777
What are the prime factors of 103112?
2, 12889
List the prime factors of 2256.
2, 3, 47
List the prime factors of 1138.
2, 569
List the prime factors of 4806.
2, 3, 89
List the prime factors of 54212.
2, 13553
List the prime factors of 19204.
2, 4801
What are the prime factors of 1994?
2, 997
List the prime factors of 1251.
3, 139
List the prime factors of 1254.
2, 3, 11, 19
What are the prime factors of 44592?
2, 3, 929
List the prime factors of 487.
487
What are the prime factors of 20741?
7, 2963
What are the prime factors of 6221?
6221
What are the prime factors of 4774?
2, 7, 11, 31
List the prime factors of 18114.
2, 3, 3019
List the prime factors of 39500.
2, 5, 79
List the prime factors of 9804.
2, 3, 19, 43
What are the prime factors of 8420?
2, 5, 421
What are the prime factors of 34853?
7, 13, 383
List the prime factors of 965.
5, 193
List the prime factors of 37964.
2, 9491
What are the prime factors of 2158?
2, 13, 83
List the prime factors of 4280.
2, 5, 107
What are the prime factors of 5401?
11, 491
List the prime factors of 48594.
2, 3, 7, 13, 89
What are the prime factors of 49?
7
What are the prime factors of 70?
2, 5, 7
What are the prime factors of 278?
2, 139
What are the prime factors of 6521?
6521
What are the prime factors of 8238?
2, 3, 1373
List the prime factors of 1188.
2, 3, 11
What are the prime factors of 10035?
3, 5, 223
What are the prime factors of 133474?
2, 11, 6067
What are the prime factors of 2930?
2, 5, 293
List the prime factors of 5032.
2, 17, 37
What are the prime factors of 19983?
3, 6661
List the prime factors of 568.
2, 71
List the prime factors of 77230.
2, 5, 7723
What are the prime factors of 1034?
2, 11, 47
What are the prime factors of 117?
3, 13
What are the prime factors of 1765?
5, 353
List the prime factors of 2857.
2857
What are the prime factors of 1463?
7, 11, 19
List the prime factors of 15643.
15643
List the prime factors of 49129.
73, 673
List the prime factors of 4070.
2, 5, 11, 37
What are the prime factors of 144357?
3, 48119
What are the prime factors of 6004?
2, 19, 79
List the prime factors of 64.
2
What are the prime factors of 2277?
3, 11, 23
List the prime factors of 125670.
2, 3, 5, 59, 71
What are the prime factors of 178?
2, 89
What are the prime factors of 7829?
7829
List the prime factors of 2525.
5, 101
What are the prime factors of 118720?
2, 5, 7, 53
What are the prime factors of 3672?
2, 3, 17
What are the prime factors of 23612?
2, 5903
What are the prime factors of 5808?
2, 3, 11
List the prime factors of 1087.
1087
What are the prime factors of 337?
337
List the prime factors of 21592.
2, 2699
What are the prime factors of 33708?
2, 3, 53
What are the prime factors of 166482?
2, 3, 3083
List the prime factors of 3915.
3, 5, 29
What are the prime factors of 27325?
5, 1093
List the prime factors of 2542.
2, 31, 41
What are the prime factors of 123350?
2, 5, 2467
What are the prime factors of 29867?
29867
What are the prime factors of 1885?
5, 13, 29
What are the prime factors of 3883?
11, 353
What are the prime factors of 3447?
3, 383
List the prime factors of 24466.
2, 13, 941
What are the prime factors of 2213?
2213
List the prime factors of 4253.
4253
What are the prime factors of 859?
859
What are the prime factors of 75517?
13, 37, 157
List the prime factors of 3448.
2, 431
What are the prime factors of 137513?
17, 8089
List the prime factors of 920.
2, 5, 23
What are the prime factors of 989?
23, 43
What are the prime factors of 45776?
2, 2861
What are the prime factors of 43?
43
What are the prime factors of 264?
2, 3, 11
List the prime factors of 2342.
2, 1171
What are the prime factors of 64052?
2, 67, 239
List the prime factors of 3917.
3917
What are the prime factors of 2129?
2129
What are the prime factors of 18297?
3, 19, 107
List the prime factors of 8906.
2, 61, 73
What are the prime factors of 119447?
119447
What are the prime factors of 6680?
2, 5, 167
What are the prime factors of 4868?
2, 1217
List the prime factors of 1163.
1163
List the prime factors of 369.
3, 41
List the prime factors of 371.
7, 53
List the prime factors of 670.
2, 5, 67
List the prime factors of 1229.
1229
What are the prime factors of 1330?
2, 5, 7, 19
What are the prime factors of 8251?
37, 223
What are the prime factors of 105081?
3, 35027
What are the prime factors of 142211?
142211
List the prime factors of 362.
2, 181
List the prime factors of 16330.
2, 5, 23, 71
List the prime factors of 33848.
2, 4231
List the prime factors of 24674.
2, 13, 73
What are the prime factors of 38849?
53, 733
List the prime factors of 14136.
2, 3, 19, 31
What are the prime factors of 3277?
29, 113
List the prime factors of 877.
877
List the prime factors of 492.
2, 3, 41
List the prime factors of 108.
2, 3
List the prime factors of 71134.
2, 7, 5081
List the prime factors of 1053.
3, 13
List the prime factors of 2763.
3, 307
List the prime factors of 11910.
2, 3, 5, 397
List the prime factors of 55795.
5, 11159
List the prime factors of 2540.
2, 5, 127
List the prime factors of 8626.
2, 19, 227
List the prime factors of 2181.
3, 727
List the prime factors of 3473.
23, 151
What are the prime factors of 810?
2, 3, 5
List the prime factors of 10063.
29, 347
What are the prime factors of 33661?
41, 821
What are the prime factors of 61351?
19, 3229
What are the prime factors of 11584?
2, 181
List the prime factors of 1176.
2, 3, 7
What are the prime factors of 882?
2, 3, 7
List the prime factors of 41708.
2, 10427
What are the prime factors of 20660?
2, 5, 1033
List the prime factors of 3573.
3, 397
List the prime factors of 11657.
11657
List the prime factors of 1168.
2, 73
What are th